{"id":344,"date":"2026-05-02T08:45:11","date_gmt":"2026-05-02T08:45:11","guid":{"rendered":"https:\/\/vocalcoach-niederrhein.de\/?page_id=344"},"modified":"2026-05-02T09:11:38","modified_gmt":"2026-05-02T09:11:38","slug":"news","status":"publish","type":"page","link":"https:\/\/vocalcoach-niederrhein.de\/?page_id=344","title":{"rendered":"Aktuelles"},"content":{"rendered":"\n<p><strong>Morgan Liberty \u2013 Wenn die Stimme zum Orchester wird<\/strong><\/p>\n\n\n\n<figure class=\"wp-block-image size-large\"><img loading=\"lazy\" decoding=\"async\" width=\"1024\" height=\"1024\" src=\"https:\/\/vocalcoach-niederrhein.de\/wp-content\/uploads\/2026\/05\/33cbf89a-7868-45fa-b5c9-bb335e87d0bc-1024x1024.jpeg\" alt=\"\" class=\"wp-image-345\" srcset=\"https:\/\/vocalcoach-niederrhein.de\/wp-content\/uploads\/2026\/05\/33cbf89a-7868-45fa-b5c9-bb335e87d0bc-1024x1024.jpeg 1024w, https:\/\/vocalcoach-niederrhein.de\/wp-content\/uploads\/2026\/05\/33cbf89a-7868-45fa-b5c9-bb335e87d0bc-300x300.jpeg 300w, https:\/\/vocalcoach-niederrhein.de\/wp-content\/uploads\/2026\/05\/33cbf89a-7868-45fa-b5c9-bb335e87d0bc-150x150.jpeg 150w, https:\/\/vocalcoach-niederrhein.de\/wp-content\/uploads\/2026\/05\/33cbf89a-7868-45fa-b5c9-bb335e87d0bc-768x768.jpeg 768w, https:\/\/vocalcoach-niederrhein.de\/wp-content\/uploads\/2026\/05\/33cbf89a-7868-45fa-b5c9-bb335e87d0bc.jpeg 1400w\" sizes=\"auto, (max-width: 1024px) 100vw, 1024px\" \/><\/figure>\n\n\n\n<p>Ich freue mich riesig, euch heute ein ganz besonderes Herzensprojekt vorstellen zu d\u00fcrfen: Am&nbsp;<strong>08. Mai<\/strong> erscheint meine neue Single&nbsp;<strong>\u201eFreedom Ride\u201c<\/strong>&nbsp;unter meinem K\u00fcnstlernamen&nbsp;<strong>Morgan Liberty<\/strong>.<\/p>\n\n\n\n<p>\u201eDas Cover f\u00e4ngt genau den Moment ein, den ich beim Schreiben gef\u00fchlt habe: Absolute Freiheit. Auch wenn ich nicht selbst auf dem Bild zu sehen bin, verk\u00f6rpert die Frau auf der Harley f\u00fcr mich den Geist von&nbsp;<strong>Morgan Liberty<\/strong>. Die ausgebreiteten Arme stehen f\u00fcr das Gl\u00fccksgef\u00fchl, das ich Rouven damals mit diesem Song schenken wollte.\u201c<\/p>\n\n\n\n<p><strong>Die Geschichte dahinter<\/strong><\/p>\n\n\n\n<p>Alles begann 2016 mit einer Vision und der Liebe zu meinem Partner. Inspiriert von seinem Traum einer Harley-Davidson, entstand in meiner Gesangsschule eine Komposition der besonderen Art. Da ich kein Instrument spiele, nutzte ich das Instrument, das ich am besten kenne: meine Stimme.<\/p>\n\n\n\n<p>Ich habe jede Spur \u2013 von der treibenden Gitarre \u00fcber den Bass bis hin zu den Drums \u2013 rein stimmlich imitiert und so den \u201eBauplan\u201c f\u00fcr diesen Song geschaffen.<\/p>\n\n\n\n<p><strong>Innovation trifft Leidenschaft<\/strong><\/p>\n\n\n\n<p>Was jahrelang als stimmliche Skizze in der Schublade lag, konnte nun dank modernster Technologie zum Leben erweckt werden. Mithilfe der KI von&nbsp;<strong>Suno<\/strong>&nbsp;wurden meine Vocal-Vorlagen in ein sattes Rock-Arrangement \u00fcbersetzt. Ver\u00f6ffentlicht wird das Ganze \u00fcber das Label&nbsp;<strong>VCN Songs &amp; Artist<\/strong>.<\/p>\n\n\n\n<p>\u201eFreedom Ride\u201c ist f\u00fcr mich der Beweis, dass Musik keine Grenzen kennt und die Stimme die Kraft hat, ganze Welten zu erschaffen.<\/p>\n\n\n\n<p><strong>Ab dem 08. Mai auf allen Streaming-Plattformen<\/strong>. <br><\/p>\n\n\n\n<p>Herzlichen Dank an alle, die mich hierbei unterst\u00fctzt haben. <br><br><\/p>\n\n\n\n<figure class=\"wp-block-embed is-type-video is-provider-youtube wp-block-embed-youtube wp-embed-aspect-16-9 wp-has-aspect-ratio\"><div class=\"wp-block-embed__wrapper\">\n<iframe loading=\"lazy\" hcb-fetch-image-from=\"https:\/\/youtu.be\/-02H6bmBjv0\" title=\"Freedom Ride Song Release May 8, 2026\" width=\"640\" height=\"360\" src=\"https:\/\/www.youtube.com\/embed\/-02H6bmBjv0?feature=oembed\" frameborder=\"0\" allow=\"accelerometer; autoplay; clipboard-write; encrypted-media; gyroscope; picture-in-picture; web-share\" referrerpolicy=\"strict-origin-when-cross-origin\" allowfullscreen><\/iframe>\n<\/div><\/figure>\n\n\n\n<p><\/p>\n","protected":false},"excerpt":{"rendered":"<p>Morgan Liberty \u2013 Wenn die Stimme zum Orchester wird Ich freue mich riesig, euch heute [&hellip;]<\/p>\n","protected":false},"author":1,"featured_media":0,"parent":0,"menu_order":0,"comment_status":"closed","ping_status":"closed","template":"","meta":{"om_disable_all_campaigns":false,"_monsterinsights_skip_tracking":false,"_monsterinsights_sitenote_active":false,"_monsterinsights_sitenote_note":"","_monsterinsights_sitenote_category":0,"footnotes":""},"class_list":["post-344","page","type-page","status-publish","hentry"],"aioseo_notices":[],"_links":{"self":[{"href":"https:\/\/vocalcoach-niederrhein.de\/index.php?rest_route=\/wp\/v2\/pages\/344","targetHints":{"allow":["GET"]}}],"collection":[{"href":"https:\/\/vocalcoach-niederrhein.de\/index.php?rest_route=\/wp\/v2\/pages"}],"about":[{"href":"https:\/\/vocalcoach-niederrhein.de\/index.php?rest_route=\/wp\/v2\/types\/page"}],"author":[{"embeddable":true,"href":"https:\/\/vocalcoach-niederrhein.de\/index.php?rest_route=\/wp\/v2\/users\/1"}],"replies":[{"embeddable":true,"href":"https:\/\/vocalcoach-niederrhein.de\/index.php?rest_route=%2Fwp%2Fv2%2Fcomments&post=344"}],"version-history":[{"count":7,"href":"https:\/\/vocalcoach-niederrhein.de\/index.php?rest_route=\/wp\/v2\/pages\/344\/revisions"}],"predecessor-version":[{"id":358,"href":"https:\/\/vocalcoach-niederrhein.de\/index.php?rest_route=\/wp\/v2\/pages\/344\/revisions\/358"}],"wp:attachment":[{"href":"https:\/\/vocalcoach-niederrhein.de\/index.php?rest_route=%2Fwp%2Fv2%2Fmedia&parent=344"}],"curies":[{"name":"wp","href":"https:\/\/api.w.org\/{rel}","templated":true}]}}

<p><strong>Morgan Liberty – Wenn die Stimme zum Orchester wird</strong></p>



<figure class="wp-block-image size-large"><img loading="lazy" decoding="async" width="1024" height="1024" src="https://vocalcoach-niederrhein.de/wp-content/uploads/2026/05/33cbf89a-7868-45fa-b5c9-bb335e87d0bc-1024x1024.jpeg" alt="" class="wp-image-345" srcset="https://vocalcoach-niederrhein.de/wp-content/uploads/2026/05/33cbf89a-7868-45fa-b5c9-bb335e87d0bc-1024x1024.jpeg 1024w, https://vocalcoach-niederrhein.de/wp-content/uploads/2026/05/33cbf89a-7868-45fa-b5c9-bb335e87d0bc-300x300.jpeg 300w, https://vocalcoach-niederrhein.de/wp-content/uploads/2026/05/33cbf89a-7868-45fa-b5c9-bb335e87d0bc-150x150.jpeg 150w, https://vocalcoach-niederrhein.de/wp-content/uploads/2026/05/33cbf89a-7868-45fa-b5c9-bb335e87d0bc-768x768.jpeg 768w, https://vocalcoach-niederrhein.de/wp-content/uploads/2026/05/33cbf89a-7868-45fa-b5c9-bb335e87d0bc.jpeg 1400w" sizes="auto, (max-width: 1024px) 100vw, 1024px" /></figure>



<p>Ich freue mich riesig, euch heute ein ganz besonderes Herzensprojekt vorstellen zu dürfen: Am&nbsp;<strong>08. Mai</strong> erscheint meine neue Single&nbsp;<strong>„Freedom Ride“</strong>&nbsp;unter meinem Künstlernamen&nbsp;<strong>Morgan Liberty</strong>.</p>



<p>„Das Cover fängt genau den Moment ein, den ich beim Schreiben gefühlt habe: Absolute Freiheit. Auch wenn ich nicht selbst auf dem Bild zu sehen bin, verkörpert die Frau auf der Harley für mich den Geist von&nbsp;<strong>Morgan Liberty</strong>. Die ausgebreiteten Arme stehen für das Glücksgefühl, das ich Rouven damals mit diesem Song schenken wollte.“</p>



<p><strong>Die Geschichte dahinter</strong></p>



<p>Alles begann 2016 mit einer Vision und der Liebe zu meinem Partner. Inspiriert von seinem Traum einer Harley-Davidson, entstand in meiner Gesangsschule eine Komposition der besonderen Art. Da ich kein Instrument spiele, nutzte ich das Instrument, das ich am besten kenne: meine Stimme.</p>



<p>Ich habe jede Spur – von der treibenden Gitarre über den Bass bis hin zu den Drums – rein stimmlich imitiert und so den „Bauplan“ für diesen Song geschaffen.</p>



<p><strong>Innovation trifft Leidenschaft</strong></p>



<p>Was jahrelang als stimmliche Skizze in der Schublade lag, konnte nun dank modernster Technologie zum Leben erweckt werden. Mithilfe der KI von&nbsp;<strong>Suno</strong>&nbsp;wurden meine Vocal-Vorlagen in ein sattes Rock-Arrangement übersetzt. Veröffentlicht wird das Ganze über das Label&nbsp;<strong>VCN Songs &amp; Artist</strong>.</p>



<p>„Freedom Ride“ ist für mich der Beweis, dass Musik keine Grenzen kennt und die Stimme die Kraft hat, ganze Welten zu erschaffen.</p>



<p><strong>Ab dem 08. Mai auf allen Streaming-Plattformen</strong>. <br></p>



<p>Herzlichen Dank an alle, die mich hierbei unterstützt haben. <br><br></p>



<figure class="wp-block-embed is-type-video is-provider-youtube wp-block-embed-youtube wp-embed-aspect-16-9 wp-has-aspect-ratio"><div class="wp-block-embed__wrapper">
<iframe loading="lazy" hcb-fetch-image-from="https://youtu.be/-02H6bmBjv0" title="Freedom Ride Song Release May 8, 2026" width="640" height="360" src="https://www.youtube.com/embed/-02H6bmBjv0?feature=oembed" frameborder="0" allow="accelerometer; autoplay; clipboard-write; encrypted-media; gyroscope; picture-in-picture; web-share" referrerpolicy="strict-origin-when-cross-origin" allowfullscreen></iframe>
</div></figure>



<p></p>
