{"id":47,"date":"2025-02-12T13:49:38","date_gmt":"2025-02-12T13:49:38","guid":{"rendered":"http:\/\/vocalcoach-niederrhein.de\/?page_id=47"},"modified":"2026-05-02T08:31:22","modified_gmt":"2026-05-02T08:31:22","slug":"hoeren-sehen-fuehlen-verstehen","status":"publish","type":"page","link":"https:\/\/vocalcoach-niederrhein.de\/","title":{"rendered":"Herzlich Willkommen"},"content":{"rendered":"\n<p><br>NEWS:<\/p>\n\n\n\n<p>Ab dem 08.12.2025 schlie\u00dfen sich die Tore der R\u00e4umlichkeiten in Hamminkeln.<\/p>\n\n\n\n<p>Weitere Infos folgen.<\/p>\n\n\n\n<p>Wir h\u00f6ren und sehen uns.<br>News: <strong>Stimme. Leidenschaft. Freiheit.<\/strong><\/p>\n\n\n\n<p> Als K\u00fcnstlerin\u00a0<strong>Morgan Liberty<\/strong>\u00a0zeige ich dir, wohin diese Reise f\u00fchren kann. Von der ersten stimmlichen Skizze bis zur fertigen Rock-Hymne: Entdecke meine neue Single\u00a0<strong>\u201eFreedom Ride\u201c<\/strong>\u00a0(Release am 08. Mai). N\u00e4heres unter Aktuelles<\/p>\n\n\n\n<p>A N G E L I Q U E&nbsp; &nbsp; D A M S C H E N<\/p>\n\n\n\n<p>Studios\u00e4ngerin &amp; Vocal Coach &amp; Songwriter <\/p>\n\n\n\n<p><\/p>\n\n\n\n<h3 class=\"wp-block-heading\">-Stimmtraining&nbsp;<\/h3>\n\n\n\n<h3 class=\"wp-block-heading\">-Gesangsunterricht Rock, Pop, Soul<\/h3>\n\n\n\n<h3 class=\"wp-block-heading\">-Einzel, Gruppenunterricht<\/h3>\n\n\n\n<h3 class=\"wp-block-heading\">-Chor unterst\u00fctzende Stimmbildung&nbsp;<\/h3>\n\n\n\n<h3 class=\"wp-block-heading\">-Gesangsaufnahmen&nbsp;<\/h3>\n\n\n\n<h3 class=\"wp-block-heading\">-Studios\u00e4ngerin<\/h3>\n\n\n\n<p><\/p>\n\n\n\n<p><\/p>\n\n\n\n<p><\/p>\n\n\n\n<p>&nbsp; &nbsp; &nbsp; &nbsp; &nbsp; &nbsp; &nbsp; \u201eVon Mensch zu Mensch\u201c<\/p>\n\n\n\n<p class=\"has-text-align-center\"><em>\u201eLass Deinen Atem gef\u00fchlt tief in den K\u00f6rper str\u00f6men, schaffe Deine innere Weite und Tiefe f\u00fcr eine freie, gesunde, vom K\u00f6rper getragene Stimme\u201c<\/em><\/p>\n\n\n\n<h3 class=\"wp-block-heading\">seit 40 Jahren Live &amp; Studios\u00e4ngerin<img decoding=\"async\" class=\"wp-image-48\" style=\"width: NaNpx;\" src=\"https:\/\/vocalcoach-niederrhein.de\/wp-content\/uploads\/2024\/09\/fotos.zip\" alt=\"\"><\/h3>\n\n\n\n<h3 class=\"wp-block-heading\">seit 15 Jahren als Vocal Coach\/ Stimmtrainerin in Hamminkeln am Niederrhein t\u00e4tig.&nbsp;&nbsp; &nbsp; &nbsp; &nbsp; &nbsp; &nbsp; &nbsp;<\/h3>\n\n\n\n<p>Unsere&nbsp; gemeinsamen Unterrichtseinheiten erstrecken sich jeweils \u00fcber eine volle Stunde (60 Minuten), in der wir gemeinsam zuerst einmal Deine Atmung korrigieren, Deine Atemmuskulatur trainieren und T\u00f6ne, Tonfolgen am Klavier gemeinsam vom K\u00f6rper getragen mit der (Atemst\u00fctze-Appoggio) (Innere Weite) singen.<\/p>\n\n\n\n<p>Dabei achten wir auf eine qualitativ gute Entwicklung der Bruststimme, Kopfstimme und daraus resultierenden Mittelstimme. (voix mixte).&nbsp;<\/p>\n\n\n\n<p>Das Erkunden der Resonanzr\u00e4ume, Zungenlage bei Vokalen, Konsonanten, Kieferstellung, K\u00f6rperhaltung, K\u00f6rperspannung , Schwingungsverhalten der Stimmlippen, Kehlkopfstellung sind sehr wichtig und d\u00fcrfen nicht fehlen.<\/p>\n\n\n\n<p>Stimmkl\u00e4nge, Einf\u00e4rbungen, Sounds und das Singen von einem gleichm\u00e4\u00dfigen Vibrato gesellen sich sp\u00e4ter dazu.&nbsp;<\/p>\n\n\n\n<p>Sollten mentale Blockaden entstehen, singen wir diese stets mit Freude weg, denn zu singen ist f\u00fcr uns das gr\u00f6\u00dfte Geschenk und dabei sollte uns kein l\u00e4hmender, blockierender, negativer Gedanke st\u00f6ren.&nbsp;<\/p>\n\n\n\n<p>Es gibt noch viel mehr zu erfahren\u2026<\/p>\n\n\n\n<p>Bei mir gibt es keine festen Anmeldungsvertr\u00e4ge mit Bindung.<\/p>\n\n\n\n<p>Die Gesangseinheiten werden seitens von mir&nbsp; in Form von Abonnements angeboten:<\/p>\n\n\n\n<p>5 er Abonnement&nbsp;<\/p>\n\n\n\n<p>10 er Abonnement&nbsp;<\/p>\n\n\n\n<p>20 er Abonnement&nbsp;<\/p>\n\n\n\n<p>Somit verf\u00e4llt kein w\u00f6chentlicher bezahlter, fester Termin aufgrund Verhinderung oder Krankheit.&nbsp;<\/p>\n\n\n\n<p>Hast Du Lust?<\/p>\n\n\n\n<p>Dann steht unserer ersten Kennenlernstunde bei einem T\u00e4sschen Kaffee, Tee oder Kaltgetr\u00e4nk nichts mehr im Wege.<\/p>\n\n\n\n<p>Sende Deine weiteren Fragen per E-Mail oder rufe mich einfach an.<\/p>\n\n\n\n<p>Ich freue mich auf Dich und Deine Stimme.<\/p>\n\n\n\n<p>Herzlichst<\/p>\n\n\n\n<p>Angelique Damschen&nbsp;<\/p>\n\n\n\n<p>TEL. 02852-8892347<\/p>\n\n\n\n<p>Mobil:+49 151-22628289<\/p>\n\n\n\n<p>E-Mail:&nbsp;<a href=\"mailto:info@vocalcoach-niederrhein.de\" target=\"_blank\" rel=\"noreferrer noopener\">info@vocalcoach-niederrhein.de<\/a><\/p>\n\n\n\n<p>Ich biete bewusst kein Online Vocal Coaching an.<\/p>\n\n\n\n<p>Geschenkgutscheine f\u00fcr mein Vocal Coaching \u00fcber eine Kennenlernstunde oder Abo kannst Du jederzeit gegen Vorab\u00fcberweisung ordern und <\/p>\n\n\n\n<p><\/p>\n\n\n\n<p>gesangsbegeisterten Freunden, Familienmitglieder eine gro\u00dfe Freude machen.&nbsp;<\/p>\n\n\n\n<p><\/p>\n\n\n\n<p><\/p>\n","protected":false},"excerpt":{"rendered":"<p>NEWS: Ab dem 08.12.2025 schlie\u00dfen sich die Tore der R\u00e4umlichkeiten in Hamminkeln. Weitere Infos folgen. [&hellip;]<\/p>\n","protected":false},"author":1,"featured_media":0,"parent":0,"menu_order":0,"comment_status":"closed","ping_status":"closed","template":"","meta":{"om_disable_all_campaigns":false,"_monsterinsights_skip_tracking":false,"_monsterinsights_sitenote_active":false,"_monsterinsights_sitenote_note":"","_monsterinsights_sitenote_category":0,"footnotes":""},"class_list":["post-47","page","type-page","status-publish","hentry"],"aioseo_notices":[],"_links":{"self":[{"href":"https:\/\/vocalcoach-niederrhein.de\/index.php?rest_route=\/wp\/v2\/pages\/47","targetHints":{"allow":["GET"]}}],"collection":[{"href":"https:\/\/vocalcoach-niederrhein.de\/index.php?rest_route=\/wp\/v2\/pages"}],"about":[{"href":"https:\/\/vocalcoach-niederrhein.de\/index.php?rest_route=\/wp\/v2\/types\/page"}],"author":[{"embeddable":true,"href":"https:\/\/vocalcoach-niederrhein.de\/index.php?rest_route=\/wp\/v2\/users\/1"}],"replies":[{"embeddable":true,"href":"https:\/\/vocalcoach-niederrhein.de\/index.php?rest_route=%2Fwp%2Fv2%2Fcomments&post=47"}],"version-history":[{"count":40,"href":"https:\/\/vocalcoach-niederrhein.de\/index.php?rest_route=\/wp\/v2\/pages\/47\/revisions"}],"predecessor-version":[{"id":359,"href":"https:\/\/vocalcoach-niederrhein.de\/index.php?rest_route=\/wp\/v2\/pages\/47\/revisions\/359"}],"wp:attachment":[{"href":"https:\/\/vocalcoach-niederrhein.de\/index.php?rest_route=%2Fwp%2Fv2%2Fmedia&parent=47"}],"curies":[{"name":"wp","href":"https:\/\/api.w.org\/{rel}","templated":true}]}}

<p><br>NEWS:</p>



<p>Ab dem 08.12.2025 schließen sich die Tore der Räumlichkeiten in Hamminkeln.</p>



<p>Weitere Infos folgen.</p>



<p>Wir hören und sehen uns.<br>News: <strong>Stimme. Leidenschaft. Freiheit.</strong></p>



<p> Als Künstlerin <strong>Morgan Liberty</strong> zeige ich dir, wohin diese Reise führen kann. Von der ersten stimmlichen Skizze bis zur fertigen Rock-Hymne: Entdecke meine neue Single <strong>„Freedom Ride“</strong> (Release am 08. Mai). Näheres unter Aktuelles</p>



<p>A N G E L I Q U E&nbsp; &nbsp; D A M S C H E N</p>



<p>Studiosängerin &amp; Vocal Coach &amp; Songwriter </p>



<p></p>



<h3 class="wp-block-heading">-Stimmtraining&nbsp;</h3>



<h3 class="wp-block-heading">-Gesangsunterricht Rock, Pop, Soul</h3>



<h3 class="wp-block-heading">-Einzel, Gruppenunterricht</h3>



<h3 class="wp-block-heading">-Chor unterstützende Stimmbildung&nbsp;</h3>



<h3 class="wp-block-heading">-Gesangsaufnahmen&nbsp;</h3>



<h3 class="wp-block-heading">-Studiosängerin</h3>



<p></p>



<p></p>



<p></p>



<p>&nbsp; &nbsp; &nbsp; &nbsp; &nbsp; &nbsp; &nbsp; „Von Mensch zu Mensch“</p>



<p class="has-text-align-center"><em>„Lass Deinen Atem gefühlt tief in den Körper strömen, schaffe Deine innere Weite und Tiefe für eine freie, gesunde, vom Körper getragene Stimme“</em></p>



<h3 class="wp-block-heading">seit 40 Jahren Live &amp; Studiosängerin<img decoding="async" class="wp-image-48" style="width: NaNpx;" src="https://vocalcoach-niederrhein.de/wp-content/uploads/2024/09/fotos.zip" alt=""></h3>



<h3 class="wp-block-heading">seit 15 Jahren als Vocal Coach/ Stimmtrainerin in Hamminkeln am Niederrhein tätig.&nbsp;&nbsp; &nbsp; &nbsp; &nbsp; &nbsp; &nbsp; &nbsp;</h3>



<p>Unsere&nbsp; gemeinsamen Unterrichtseinheiten erstrecken sich jeweils über eine volle Stunde (60 Minuten), in der wir gemeinsam zuerst einmal Deine Atmung korrigieren, Deine Atemmuskulatur trainieren und Töne, Tonfolgen am Klavier gemeinsam vom Körper getragen mit der (Atemstütze-Appoggio) (Innere Weite) singen.</p>



<p>Dabei achten wir auf eine qualitativ gute Entwicklung der Bruststimme, Kopfstimme und daraus resultierenden Mittelstimme. (voix mixte).&nbsp;</p>



<p>Das Erkunden der Resonanzräume, Zungenlage bei Vokalen, Konsonanten, Kieferstellung, Körperhaltung, Körperspannung , Schwingungsverhalten der Stimmlippen, Kehlkopfstellung sind sehr wichtig und dürfen nicht fehlen.</p>



<p>Stimmklänge, Einfärbungen, Sounds und das Singen von einem gleichmäßigen Vibrato gesellen sich später dazu.&nbsp;</p>



<p>Sollten mentale Blockaden entstehen, singen wir diese stets mit Freude weg, denn zu singen ist für uns das größte Geschenk und dabei sollte uns kein lähmender, blockierender, negativer Gedanke stören.&nbsp;</p>



<p>Es gibt noch viel mehr zu erfahren…</p>



<p>Bei mir gibt es keine festen Anmeldungsverträge mit Bindung.</p>



<p>Die Gesangseinheiten werden seitens von mir&nbsp; in Form von Abonnements angeboten:</p>



<p>5 er Abonnement&nbsp;</p>



<p>10 er Abonnement&nbsp;</p>



<p>20 er Abonnement&nbsp;</p>



<p>Somit verfällt kein wöchentlicher bezahlter, fester Termin aufgrund Verhinderung oder Krankheit.&nbsp;</p>



<p>Hast Du Lust?</p>



<p>Dann steht unserer ersten Kennenlernstunde bei einem Tässchen Kaffee, Tee oder Kaltgetränk nichts mehr im Wege.</p>



<p>Sende Deine weiteren Fragen per E-Mail oder rufe mich einfach an.</p>



<p>Ich freue mich auf Dich und Deine Stimme.</p>



<p>Herzlichst</p>



<p>Angelique Damschen&nbsp;</p>



<p>TEL. 02852-8892347</p>



<p>Mobil:+49 151-22628289</p>



<p>E-Mail:&nbsp;<a href="mailto:info@vocalcoach-niederrhein.de" target="_blank" rel="noreferrer noopener">info@vocalcoach-niederrhein.de</a></p>



<p>Ich biete bewusst kein Online Vocal Coaching an.</p>



<p>Geschenkgutscheine für mein Vocal Coaching über eine Kennenlernstunde oder Abo kannst Du jederzeit gegen Vorabüberweisung ordern und </p>



<p></p>



<p>gesangsbegeisterten Freunden, Familienmitglieder eine große Freude machen.&nbsp;</p>



<p></p>



<p></p>

<p>NEWS: Ab dem 08.12.2025 schließen sich die Tore der Räumlichkeiten in Hamminkeln. Weitere Infos folgen. [&hellip;]</p>
